lue of 30 - (-47 + 82 + -20)?
15
Calculate 2 - 0 - (-10 + 2 + -1) - 7.
4
What is -115 + 104 + -10 + 3?
-18
What is the value of (2 - (5 + 1)) + -17 + 0 + 18?
-3
Calculate 0 + -4 + 32 + -33 + (-3 - -7).
-1
(-27 - -26 - (-2 + 6)) + -1 + -1
-7
Evaluate -4 - (-8 + 9 - (8 + 6)).
9
40 - 37 - (10 - 0)
-7
Calculate -2 + -21 - (-50 + 37).
-10
(0 - 13) + (-2 - -3) - (13 - 16)
-9
(-14 - (23 + -25) - -22) + (4 - 2)
12
Evaluate 8 + -10 + 6 + 1 + -7 - -14.
12
Evaluate (6 + 0 + (-4 - 4) - -11) + -2.
7
What is (-13 - 1) + (-29 - -22) + 12?
-9
Evaluate -882 + 908 - (8 + 2).
16
Calculate -21 - 24 - -19 - -62.
36
Evaluate -31 - (-22 - ((-4 - -9) + -14)).
-18
What is the value of 9 + -7 - 9 - (0 + 0)?
-7
Calculate 14 - 0 - ((-24 - -17) + 15).
6
Evaluate -8 + 19 + 0 - 15 - -16.
12
19 + (6 - -30) + -34
21
What is the value of -7 - ((8 - 8) + -2) - -2?
-3
What is the value of (2 - 10) + (20 + -6 - -1)?
7
Calculate (-11 - -2) + (-7 - (-6 + -10)).
0
What is 14 - (-9 + (6 - -15))?
2
Calculate 1 - 5 - (-28 + 13 + 9).
2
12 + 6 + 23 + -29 + (-1 - -9)
20
Calculate -37 - (9 + 8 + -89).
35
What is the value of -2 + 1 + -6 + 15 + 1?
9
What is the value of (9 - (17 + 33)) + 51?
10
Evaluate -1 + (8 + 22 - 54).
-25
Evaluate (-36 - (-3 - 7 - -1)) + 10.
-17
What is the value of 1 + (4 - (-9 - -20) - (3 - 23))?
14
Evaluate (-1 - -20) + 41 + -66.
-6
Calculate -26 + (-7 - -17 - 3) + (-2 - 1).
-22
What is 0 + 10 + (-23 - (-4 - -2))?
-11
What is (-2 - -9) + (-5 + 2 - -8) + -3?
9
Evaluate -117 + 124 + (2 - (32 - (-2 - -3))).
-22
(-3 - -5) + -2 + (3 - 10 - -26)
19
Evaluate -1 + 8 - ((9 - 0) + -10).
8
-9 + 11 + -13 + 4 + (1 - -26)
20
Evaluate 0 + -14 - (-84 + 87).
-17
What is the value of -1 + 18 + -40 + 13?
-10
Evaluate (-24 + 1 - -24) + (0 - (3 + -30)).
28
Evaluate -7 + (-17 - (9 + -37)).
4
Calculate (37 - (29 + -15 + 2)) + 1 + -4.
18
What is (24 - (3 + -7)) + 0 - (-73 - -77)?
24
What is the value of -1 + 5 - (-11 - -6) - 5 - -11?
15
What is the value of -18 + -36 + 0 + 27?
-27
What is 2 + -2 + (2 - 14) + (-1 - -7)?
-6
What is (-10 + (-18 - -51) - 4) + -14?
5
Evaluate 33 - (9 + 3 + -3 + (-113 - -101)).
36
What is the value of -14 + 17 + -19 + 9?
-7
What is the value of -70 - -4 - -39 - -39?
12
Calculate (-18 - (-11 + -2)) + 3.
-2
Calculate 9 - 2 - (15 - (-12 - -14) - 7).
1
What is the value of 3 + (13 - (-3 + 6))?
13
Calculate 8 - 0 - (-5 + 8 - 9 - 0).
14
Evaluate (22 - (-13 - -44)) + (-3 - -3 - -18).
9
What is the value of (-4 - -2) + (-8 + 10 + -1 - -5)?
4
-11 - (-13 + (-1 - (-2 + -4)))
-3
15 - (0 - (4 - 10) - -3)
6
Calculate (-14 + 37 - 15) + -6 + (0 - 20).
-18
What is the value of 11 + 0 + 30 + -9 + 7 + -20?
19
What is the value of -2 - -3 - 8 - (-163 + 155)?
1
Calculate 6 + (-42 - -40 - (3 - -1)) + -11.
-11
What is -1 + 7 - (0 + (2 - 2))?
6
What is (16 + -14 - (-2 - 0)) + 9?
13
Calculate 6 - 0 - ((-8 - (2 - 6)) + 8).
2
Calculate 20 - (14 - 14) - (-2 - (2 - 8)).
16
Calculate 34 + -24 + 24 - 20.
14
-76 + 74 - (-2 - -2 - -2) - 3
-7
Calculate (4 - -3 - 5) + -5 + -9.
-12
(-7 + -20 - 4) + (-1 - (-7 - -2))
-27
Evaluate -9 + 2 + -16 + -13 + 22.
-14
(0 + -2 - -4) + 4 - (1699 + -1698)
5
(32 - 2) + -333 + 308
5
What is the value of (-1 - 4) + (-16 - (-1 - 23)) + 4?
7
What is (1 - 5 - -4) + (-1 - (-20 + 8))?
11
Calculate -3 - 16 - (-4 + 8).
-23
Calculate -42 + 47 - ((-3 - -6 - -16) + 2).
-16
What is the value of (-7 - (-27 - -14)) + -9?
-3
What is the value of -72 - -52 - (-4 + 7)?
-23
What is the value of -27 + (19 - 2) + (-6 - (-1 - 1))?
-14
What is the value of -71 + 8 + 53 + -2 + 8?
-4
Calculate -868 + 857 - (2 - 1).
-12
What is the value of 657 + -662 + (0 - -1) + (38 - 7)?
27
Evaluate 3 + -2 + 6 + -13.
-6
Evaluate 8 - (0 + (7 - (9 - 6))).
4
-5 + 3 + (22 - 24) - (4 - -1)
-9
Calculate (1 - (6 - 6)) + -1 + -7 + 15.
8
What is the value of -1 - -9 - (910 - 910)?
8
-25 - (3 + -17 - -1)
-12
Calculate 12 + 14 + (-2 - 34).
-10
What is 90 - 113 - ((-1 - -3 - -5) + -4)?
-26
Evaluate -9 + -2 + (41 - (9 + -1)).
22
What is 19 + -1 - (226 - 213)?
5
Evaluate 28 + 7 + -34 - 30.
-29
Evaluate 1 - (-17 + (87 - 88) + 8 + 0).
11
Evaluate (8 - 3) + -1 + 2 + 23 + -40.
-11
14 - -1 - 12 - 15
-12
What is the value of 29 + (-14 - -1) + 26 + -25?
17
6 - (-6 - -34) - (121 + -107)
-36
What is -8 + -6 + 7 - (0 + -16)?
9
Calculate -36 + 75 + -3 + -35.
1
Evaluate (1 - -7) + (-2 + -7 - (29 - 31)).
1
What is the value of 2 + -2 + -13 + (-10 - -19) - 1?
-5
What is 8 + -11 - (-2 - (-5 - -7 - -12))?
13
Calculate (3 - -6) + (658 - 636).
31
What is the value of -12 + (0 - 4) + 12 + 10?
6
What is 8 + -19 - -2 - -16 - -12?
19
What is the value of -19 + 8 + 6 - (-6 - 0)?
1
What is the value of -27 + (-5 - -71) - 25?
14
What is the value of 39 - (38 - (-23 - -20))?
-2
Calculate (-20 - 2) + (136 - 132 - (1 + 6)).
-25
Evaluate 11 + (-4 - -12) + -19 + 3.
3
(1 - -2) + -20 + 11 + 27
21
What is the value of 11 + -13 + -6 + -7 + 1 + 0?
-14
(23 + 2 - (-8 + 14)) + -9 + -2
8
1 + 12 - (112 + -110)
11
Evaluate (-1 - 1) + -16 + 4.
-14
Evaluate -32 + (-5 - -7 - -5).
-25
What is 2 + (0 - 0) + 1 + (-6 - 12)?
-15
Calculate -1 + -1 + 0 + 6 - 4.
0
-85 - -79 - (-5 + (17 - -4))
-22
What is -3 + (18 + (15 - -5) - (3 - 1))?
33
Evaluate 9 - (20 + 8) - (-8 - 1).
-10
33 - (2 - -30 - 10)
11
0 + -5 + -1 + 1 + 21 - 5
11
What is -13 + (26 - 6 - 14)?
-7
Calculate (-25 - (-31 + 6)) + -4.
-4
What is the value of (-2 - -7) + -1 + -1 + -337 + 348?
14
What is -14 - (-4 + (-11 - -15))?
-14
(3 - (-8 + 7)) + (4 - (-1 - -3))
6
Evaluate 1 + 0 + (18 - (6 - 0)).
13
Evaluate 1 - -10 - (515 - 498).
-6
Evaluate 7 + (-10 - (17 - 8)).
-12
Evaluate -12 + 9 + -4 - (-2 + -13 + 3).
5
What is -3 - (-25 - (28 + -38))?
12
What is the value of -1 - ((-9 - -11 - 10) + -13)?
20
Calculate 5 + 2 + -9 + 1 - 2.
-3
Evaluate (-28 + 31 - (11 + 2)) + -9.
-19
What is the value of -7 + -11 + -7 + 2?
-23
Evaluate -15 - (11 - 10 - (4 - 6 - -4)).
-14
What is the value of -2 - (-20 - -8) - (3 + 1)?
6
What is the value of 372 + -395 + (0 - -55)?
32
What is -5 - (1 - (-15 - -10))?
-11
What is -36 + 20 - 9 - -23?
-2
What is -19 + 8 + (-5 - 2) + (6 - -2)?
-10
Evaluate (-3 + 1 - (24 + -1 - 54)) + -5.
24
Evaluate (33 - 5 - 58) + 41.
11
Evaluate -1 + (-12 - -12) + 14.
13
Evaluate (3 + 0 - 4) + (-34 - (1 - 15)).
-21
Calculate 9 + -7 - (4 - (-5 + (1 - -6))).
0
What is -2 + (-2 + 16 - 7 - -1) - -10?
16
What is -5 + (-2 - -7) + 6?
6
Calculate 7 - (9 + (4 - 5)) - -3.
2
What is the value of 0 + 0 + -2 - (27 - 6 - 13)?
-10
-2 - (-5 + (-1 + 3 - (-4 + -1)))
-4
What is 2 + -6 + 1 + 2 + 3?
2
(-1 + 13 - 26 - -39) + -5
20
Evaluate -5 - (-12 + 9 + 10 + (0 - 1)).
-11
What is the value of 15 + -3 - 9 - -10 - -2?
15
8 - (-6 + 19) - -1 - (-33 + 2)
27
Evaluate 0 - 2 - ((0 - -6) + (27 - 34)).
-1
What is the value of (-5 - (-19 - 2)) + -2?
14
What is the value of -7 + (-5 - -5) - 19 - -6 - -7?
-13
(-17 + 33 - 19) + 8
5
Calculate (81 - 73) + (13 - (5 + -4)).
20
Evaluate 5 + (-18 - (-1 + (0 - (-1 - -3)))).
-10
Calculate 26 - 19 - 14 - -2.
-5
Evaluate -726 + 728 + (17 - (-3 + 6)).
16
Evaluate -19 + (-1 - 1) + (12 + -19 - -10).
-18
-3 - (0 + (1 - -2) + -5 + 7)
-8
What is 38 + -7 + -14 + (1 - (6 - 14))?
26
What is the value of (-18 - 0) + (-23 - -50) + -21?
-12
43 - 53 - (-1 + -18)
9
Evaluate -7 + -13 + 9 + 12 + (-14 - -2).
-11
Evaluate -1 + (-52 + 46 - (-1 + -3) - -4).
1
Evaluate -3 + 27 - 11 - -12 - 5.
20
What is the value of (-2 - 6 - (-1 - 11)) + 2?
6
Evaluate -22 - -29 - 6 - (-8 - (1 - 2)).
8
(-65 - -76) + (-20 - -5)
-4
Evaluate 2 - -2 - (-28 + 45).
-13
Evaluate 3 - 2 - (-3 + (2 - 10) + 0).
12
Calculate -24 + -26 + (7 - -12).
-31
5 - ((-3 - 4) + 7 + -1) - 13
-7
What is the value of -22 - (-36 + 14) - (2 - 1 - 1)?
0
What is 9 + (1 - -2 - (-53 - -61))?
4
Evaluate 5 + 0 + -1 - (4 + -20 - -17).
3
What is -7 - (-35 + 25 - -26)?
-23
What is the value of -1 - (8 + -13 - -8) - 12?
-16
Evaluate (2 - -8 - 3) + -16 + -11.
-20
Calculate 1 - (-15 - (-2 - (-10 - -9))) - -3.
18
What is -22 + 4 + 24 + -2?
4
What is the value of 11 - (16 - (4 + -4) - -3)?
-8
8 + (-7 - -11 - 14) - -4
2
Calculate (0 - 14) + 12 + (1 - 7) - -2.
-6
What is 3 + (-20 - -5 - -21) + -7?
2
What is (-10 - -12) + 3 - 5 - -14?
14
What is (-4 - ((1 - -1) + 0)) + 20 + -3?
11
-9 + -1 + -113 + 122
-1
What is the value of (7 - -4) + -4 - (30 + -5 + -7)?
-11
Evaluate 2 + 0 - (